e of o**5/120 + 7*o**4/24 - 2*o**3/3 + 2. Let m(x) be the third derivative of q(x). Determine m(-4).
3
Let v be (-3 + 13)*(-2)/4. Let j = v - -6. Let y = 3 - j. Let r(g) = g**2 - 2*g + 1. Give r(y).
1
Let d(i) = -i**2 + 5*i + 1. Let l be d(4). Let s = -28 - -30. Let h(a) = 0*a**s - 4 + 25*a - 28*a - 4*a**2 + a**3. Determine h(l).
6
Let t(j) be the third derivative of 7*j**5/60 - j**4/24 - j**3/6 - 3*j**2. What is t(-1)?
7
Let z = 1 + -1. Suppose z = 3*s - 5*s + 2. Let y(n) = 4*n - 2. Let u(g) = -5*g + 1. Let v(a) = -3*u(a) - 2*y(a). Determine v(s).
8
Let q be (-12 - 0) + 6 + -4. Let b(f) = -f**2 - 11*f - 8. Determine b(q).
2
Let f(i) = 12*i. Let o = -1 - -3. Let q be o/((0 - 0) + 2). Determine f(q).
12
Let o(d) be the third derivative of -d**5/120 + 7*d**4/24 - d**3/2 - 6*d**2. Let i(w) be the first derivative of o(w). Determine i(0).
7
Let i = 8 + -7. Let f be ((-4)/5)/((-8)/20). Let q(n) = -n - f*n + i + 2*n. What is q(1)?
0
Let m(g) be the first derivative of -3*g**2 + 7. Calculate m(2).
-12
Let s(m) = 5*m + 4*m**3 - 5*m**3 + 0*m**2 + 4*m**2 + 1. Let b be s(5). Suppose -b = -2*i + 3. Let v(j) = 4*j - 3. Determine v(i).
5
Suppose 0 = 3*v, 0*o + v + 6 = 3*o. Suppose 3*g - 23 = 2*u, -o*g + 4 + 10 = -u. Suppose -3*z = 2*w + 28, -4*z - g = -w + 14. Let d(n) = -n. What is d(z)?
6
Suppose 4*f - 2*r = 0, 2*r + 0 = 4. Let k(a) = -6*a**3 - 2*a**2 + 1. What is k(f)?
-7
Let y(t) be the first derivative of 1 - 1 + t**2 + 2. What is y(2)?
4
Let w(m) = -6. Let z(y) = y**2 - 4 + 4 - 1. Let c(a) = -w(a) + 5*z(a). Suppose -3 + 4 = i. Calculate c(i).
6
Let l(o) = -4*o**3 - 5*o**2 - o - 1. Let n(z) = z**3 + z**2. Let d(p) = 2*l(p) + 9*n(p). Let a be ((-9)/3)/((-6)/(-4)). Calculate d(a).
-10
Let h = 4 - 0. Suppose -h*b = 3*g - 10, -g + b = -6*g + 11. Let j(s) = s**3 - 3*s**2 + 3*s - 2. Calculate j(g).
0
Let s(z) be the second derivative of -z**3/3 + 7*z**2/2 + 25*z. Give s(7).
-7
Suppose 4*x - 5*s - 16 = 0, -4*x - 2*s + 7 = 19. Let q(g) = -12*g**2 - 2*g - 1. Determine q(x).
-11
Suppose 0 = 2*w - 0*w - 16. Let m(f) = f**3 - 9*f**2 + 6*f + 11. Let k be m(w). Let o(g) = 2*g + 5. Determine o(k).
-5
Let b(f) = 5*f**3 + 2*f**2 + 17*f - 4. Let p = 9 + 2. Let l = -18 + p. Let c(z) = 2*z**3 + z**2 + 8*z - 2. Let j(k) = l*c(k) + 3*b(k). Determine j(3).
5
Suppose 2*s - r - 3 = -0, 0 = 3*s - 4*r - 12. Let m(p) = -p**3 - p**2 + p + 14. Determine m(s).
14
Let o be (-6)/(-4)*-2*-1. Let v(x) = 1. Let y(s) = s - 2. Let k(m) = -5*v(m) - y(m). Give k(o).
-6
Let a be 8 - (18/(-15))/(6/(-20)). Let d(j) = j**3 - 5*j**2 + 2*j + 1. What is d(a)?
-7
Let s = 11 - 5. Let o(l) be the first derivative of -8*l - 3 + 1/2*l**2. Determine o(s).
-2
Suppose -4*w + 10 = -18. Let i(y) = 0 + 0*y**2 - 6*y + 2 - w - y**2. Determine i(-5).
0
Let s(d) = -3*d - 7. Suppose -6*i + 25 = -i. Suppose i*c + 15 = 2*c. What is s(c)?
8
Let m(r) = 0*r**2 + 5*r - 11*r + r**2. Give m(6).
0
Let l(s) = 144*s - 42. Let a(z) = -17*z + 5. Let o(p) = -42*a(p) - 5*l(p). Let g = 9 + -7. Suppose g*f = 3*x + f + 5, x = -3*f + 5. Determine o(x).
6
Suppose -3*v + 19 = 5*o - 2*v, -2*v = o - 11. Let c(n) be the first derivative of -n**3/3 + n**2 + n - 1. Determine c(o).
-2
Let t = 74 - 80. Let j(h) = -h**3 - 6*h**2 + h - 1. Give j(t).
-7
Let s(w) be the first derivative of w**4/4 - 5*w**3/3 - 5*w**2/2 + w - 9. Give s(6).
7
Let l(v) = v + 3*v - 3 - 7*v + 5*v. Calculate l(3).
3
Let u = 23 + -27. Let f(a) = -a**2 - 5*a - 2. Determine f(u).
2
Let q = 2 - 0. Let c(o) = 2*o + 2. Give c(q).
6
Let y(b) be the first derivative of 3*b**3 + b - 3. Determine y(-1).
10
Let y(g) = 3*g**2 - 3*g + 9. Let w(z) = 4*z**2 - 3*z + 10. Suppose 3 = 5*m - 22. Let j(k) = m*y(k) - 4*w(k). What is j(-5)?
-5
Suppose 2*w + 4 = 4*w. Let k(a) = 3*a + 11. Let u(v) = v + 5. Let b(c) = 2*k(c) - 5*u(c). Calculate b(w).
-1
Suppose -40 = 3*x + u - 7, -5*u = 2*x + 22. Let j = x + 21. Suppose -4*p - 4 = 2*b, -3*p + 4*b = 2*b + j. Let o(a) = -a**3 - 4*a**2 - 3*a - 3. What is o(p)?
-5
Let y(r) = -3*r + 1. Let q(v) = -v + 1. Let m(i) = -4*q(i) + y(i). Suppose 4*h = 2*s - 26, -2*s + 0*s = -h - 8. What is m(h)?
-9
Let v be (-4)/((-8)/(-6)) + 4. Let b be v - 1 - (-8)/4. Let g be ((-2)/(-6))/(b/(-30)). Let t(q) = q**3 + 4*q**2 - 5*q - 2. What is t(g)?
-2
Let q(v) = -5. Let m(y) = -y - 1. Let h(t) = -t**2 - 3*t + 5. Let b be h(-4). Let r(f) = b*q(f) - m(f). Calculate r(0).
-4
Let n be 1/((-32)/344) + (-2)/8. Let u(q) = q**3 + 10*q**2 - 11*q - 8. What is u(n)?
-8
Let b(s) = -5*s**3 - 9 + 3 + 3*s**3 + 4 - 2*s**2. Give b(-2).
6
Let n(q) = 20 - 6*q**2 + q - 20. Let w be n(1). Let f(l) = 0*l**2 + 0 + 6*l + 4 + l**2. Determine f(w).
-1
Suppose -2*i - i + 15 = 0. Let c(f) = -3*f. Let p be c(-3). Let y(k) = 0*k - 2 + p - k. Determine y(i).
2
Let i = -528 - -880. Let x(d) = -i + 352 - 5*d. Give x(2).
-10
Let k(w) = 3*w. Let z = -3 + 6. Suppose 0 = -4*x - 20, -6*p + 5*x = -z*p - 28. Give k(p).
3
Suppose -3*t + 7*t - 16 = 0. Suppose -v + 0*v - 17 = -4*c, -3*v + t*c = 11. Let w(o) = -3*o + 4*o**3 - o**2 - 3 + o**3 - 4*o**3. Determine w(v).
6
Let z(u) be the third derivative of 0*u + u**2 - 2/3*u**3 - 1/30*u**5 + 5/24*u**4 + 0. What is z(3)?
-7
Let u(s) = s**3 - s**2 + s. Let q(m) = 3*m**3 + m**2 + 4*m. Let j(t) = q(t) - 2*u(t). Determine j(-3).
-6
Let v(g) = 3 + 4 - 10 - 2*g + 4. Give v(1).
-1
Let l = 13 + -7. Suppose 5*n - 20 = 3*v - 2*v, 2*v = -3*n - 1. Let t = l + v. Let b(f) = 6*f**2 - 1. Give b(t).
5
Let k(w) be the third derivative of w**4/24 + 5*w**3/3 + 19*w**2. Calculate k(0).
10
Suppose -20 = -2*m - y, 0 = -5*m + 4*y + 19 + 5. Let r(z) = z**3 - 9*z**2 + 6*z + 11. What is r(m)?
-5
Let s(h) be the first derivative of h**2 - 9*h + 10. Calculate s(8).
7
Let q(k) be the second derivative of -3/2*k**2 + 1/6*k**3 + 0 - k. Let l be q(7). Let p(c) = c**3 - 3*c**2 - 5*c + 5. Calculate p(l).
1
Let o(s) = 7*s - 1. Let p be ((-2)/3)/((-7)/42). Suppose l = 5*a - 9, 2*l - 1 - 9 = -p*a. Calculate o(l).
6
Suppose o - 19 = -0*o. Let u = o - 13. Let j be (-1)/((8/u)/4). Let n(y) = -y**3 - 3*y**2 - 2*y - 2. Determine n(j).
4
Let d be 8 + (2 - (6 - 3)). Let x be 0*2/4 + 2. Let f(s) = -1 + 2 - d + x*s. Give f(4).
2
Let v(j) = -4*j**3 - j - 1. Let y be v(-1). Let x(z) = -13 - y*z + 8 + 3*z. What is x(-5)?
0
Let j(n) = 2*n**2 - 3*n + 1754 - 3*n**2 - 1749. Calculate j(-4).
1
Let c(r) = r**3 - 4*r**2 + 2*r - 1. Let v = -25 - -10. Let i be (18/v)/(4/(-10)). Give c(i).
-4
Let q(l) be the second derivative of -l**5/20 + l**4/6 + 2*l**3/3 - l**2/2 + 5*l. Let o be q(3). Let m(s) = s**2 - s + 2. Determine m(o).
4
Let q(b) = -5*b**3 + 4*b**2 - 6*b + 1. Let g(z) = 9*z**3 - 8*z**2 + 11*z - 1. Let r(i) = 4*g(i) + 7*q(i). Suppose -h = -0*h - 3. Give r(h).
0
Let o(w) = -2*w**2 + w + 2. Let l(t) = t + 6. Let k(v) = -3*v - 17. Let j(b) = -6*k(b) - 17*l(b). Let n be j(2). Calculate o(n).
-4
Let z(j) = 2*j**3 + 36*j**2 - j - 23. Let n be z(-18). Let r(k) = -3 + k**2 - 2 + 3 + 4*k. Give r(n).
3
Let y(f) = -3 + 9 + 4 + 11*f**2 - 5*f. Let u be 3/(1/(0 + 2)). Let d(q) = -5*q**2 + 2*q - 5. Let p(z) = u*y(z) + 13*d(z). Determine p(6).
7
Let d = 4 - 6. Let v = d - -4. Suppose -2*l - 4*r + 10 = 0, v*l + 2*r = 4*r - 20. Let s(a) = a**2 + 5*a - 4. Determine s(l).
-4
Suppose i + 2*z - 8 = 0, -5*i - 4*z + 19 + 15 = 0. Let g(u) = i*u - u + 3*u - 10*u. Calculate g(-1).
2
Suppose -1 = -4*g - 4*k + 43, -3*g + 13 = -2*k. Let z(q) = q**2 - 5*q - 9. Determine z(g).
5
Suppose 5*h + 5 = -10. Let q(n) = -n**2 - 2*n - 2. Let m(i) = -i**2 - i - 2. Let c(a) = 3*m(a) - 4*q(a). Determine c(h).
-4
Let l(f) = 4*f**3 - 6*f**2 + 2*f - 3. Let u(n) = -n**3 + n**2. Let z(k) = l(k) + 3*u(k). Determine z(3).
3
Let z(v) be the third derivative of -v**8/6720 + v**7/1260 + v**6/360 + v**4/4 + 2*v**2. Let f(a) be the second derivative of z(a). What is f(3)?
-3
Let b(h) = -5*h**2 + 7*h + 5. Let g(f) = -11*f**2 + 15*f + 10. Let v(m) = -9*b(m) + 4*g(m). Determine v(4).
-1
Let z(n) = -n**2 - 6*n - 4. Let x be z(-4). Let w(r) = 2*r**2 - 7*r + 4. Calculate w(x).
8
Let f(z) = -z**3 - 9*z**2 + 4. Suppose 13*k + 54 = 7*k. Determine f(k).
4
Let h = -55 - -63. Let u(v) = v - 12. Give u(h).
-4
Let d be 2 + -1 - (-2 + 3). Suppose 5*l = -d*l + 50. Suppose a + 0*o + 2*o = l, 0 = 4*a - 3*o - 7. Let f(g) = -g - 5. Determine f(a).
-9
Suppose -4*z = -6 - 6. Let j = 4 - z